{"id":5446,"date":"2025-12-14T12:25:57","date_gmt":"2025-12-14T10:25:57","guid":{"rendered":"https:\/\/opentobe.de\/?page_id=5446"},"modified":"2026-03-12T13:46:10","modified_gmt":"2026-03-12T11:46:10","slug":"med-versorgung","status":"publish","type":"page","link":"https:\/\/opentobe.de\/?page_id=5446","title":{"rendered":"News Saison 2026 Kroatien"},"content":{"rendered":"\n<p>+++ Intensivierung der Kontrollen mit Drohnen +++<br>Die Kapetanija kontrolliert 2026 verst\u00e4rkt mit Drohnen: <a href=\"https:\/\/kristijan-antic.blog\/kapetanija-kommt-ab-2026-aus-der-luft-drohnenueberwachung-in-kroatiens-buchten\/\">https:\/\/kristijan-antic.blog\/kapetanija-kommt-ab-2026-aus-der-luft-drohnenueberwachung-in-kroatiens-buchten\/<\/a><\/p>\n\n\n\n<p>+++ Neu in der Saison 2026: Die schwimmende Apotheke +++<br>Die mobile \/ schwimmende Schiffsapotheke ist im Dezember 2025 in Betrieb gegangen. Sie wird Medikamente wie in einer herk\u00f6mmlichen Apotheke vorr\u00e4tig haben. Diese k\u00f6nnen auch im Voraus reserviert oder am Vortag vor der Ankunft der mobilen Apotheke auf einer Insel bis sp\u00e4testens 12:00 Uhr bestellt werden. Sie steht in der kommenden Saison auch Touristen \/ G\u00e4sten zur Verf\u00fcgung. Weitere Infos und News: <a href=\"https:\/\/ljekarna-zadar.hr\/mobilna-brodska-ljekarna\/\">https:\/\/ljekarna-zadar.hr\/mobilna-brodska-ljekarna\/<\/a><\/p>\n","protected":false},"excerpt":{"rendered":"<p>+++ Intensivierung der Kontrollen mit Drohnen +++Die Kapetanija kontrolliert 2026 verst\u00e4rkt mit Drohnen: https:\/\/kristijan-antic.blog\/kapetanija-kommt-ab-2026-aus-der-luft-drohnenueberwachung-in-kroatiens-buchten\/ +++ Neu in der Saison 2026: Die schwimmende Apotheke +++Die mobile \/ schwimmende Schiffsapotheke ist im Dezember 2025 in Betrieb gegangen. Sie wird Medikamente wie in einer herk\u00f6mmlichen Apotheke vorr\u00e4tig haben. Diese k\u00f6nnen auch im Voraus reserviert oder am Vortag vor [&hellip;]<\/p>\n","protected":false},"author":1,"featured_media":0,"parent":0,"menu_order":0,"comment_status":"closed","ping_status":"closed","template":"","meta":{"footnotes":""},"class_list":["post-5446","page","type-page","status-publish","hentry"],"_links":{"self":[{"href":"https:\/\/opentobe.de\/index.php?rest_route=\/wp\/v2\/pages\/5446","targetHints":{"allow":["GET"]}}],"collection":[{"href":"https:\/\/opentobe.de\/index.php?rest_route=\/wp\/v2\/pages"}],"about":[{"href":"https:\/\/opentobe.de\/index.php?rest_route=\/wp\/v2\/types\/page"}],"author":[{"embeddable":true,"href":"https:\/\/opentobe.de\/index.php?rest_route=\/wp\/v2\/users\/1"}],"replies":[{"embeddable":true,"href":"https:\/\/opentobe.de\/index.php?rest_route=%2Fwp%2Fv2%2Fcomments&post=5446"}],"version-history":[{"count":5,"href":"https:\/\/opentobe.de\/index.php?rest_route=\/wp\/v2\/pages\/5446\/revisions"}],"predecessor-version":[{"id":5531,"href":"https:\/\/opentobe.de\/index.php?rest_route=\/wp\/v2\/pages\/5446\/revisions\/5531"}],"wp:attachment":[{"href":"https:\/\/opentobe.de\/index.php?rest_route=%2Fwp%2Fv2%2Fmedia&parent=5446"}],"curies":[{"name":"wp","href":"https:\/\/api.w.org\/{rel}","templated":true}]}}